{"id":6471,"date":"2022-01-28T20:30:59","date_gmt":"2022-01-28T23:30:59","guid":{"rendered":"http:\/\/tima.com.br\/tima\/?post_type=product&#038;p=6471"},"modified":"2026-05-04T18:41:10","modified_gmt":"2026-05-04T21:41:10","slug":"meia-para-protecao-do-coto-amputados","status":"publish","type":"product","link":"http:\/\/tima.com.br\/tima\/product\/meia-para-protecao-do-coto-amputados\/","title":{"rendered":"Meia para Prote\u00e7\u00e3o do Coto (amputados)"},"content":{"rendered":"<p>Confort\u00e1vel, reduz a press\u00e3o e o atrito na pele causados pela utiliza\u00e7\u00e3o de \u00f3rteses e pr\u00f3teses protegendo o coto do surgimento de feridas.<\/p>\n<p class=\"_aupe copyable-text x15bjb6t x1n2onr6\"><span class=\"_aupe copyable-text xkrh14z\"><\/span><\/p>\n<p class=\"_aupe copyable-text x15bjb6t x1n2onr6\"><span class=\"_aupe copyable-text xkrh14z\"><span class=\"a_GcMg text-decoration-none text-strikethrough-none font-feature-liga-off font-feature-clig-off font-feature-calt-off\">Notifica\u00e7\u00e3o ANVISA:<\/span> N\u00ba 80879060032 e 80879060036<\/span><\/p>\n","protected":false},"excerpt":{"rendered":"<p>Indica\u00e7\u00e3o: Confort\u00e1vel, reduz a press\u00e3o e o atrito na pele causados pela utiliza\u00e7\u00e3o de \u00f3rteses e pr\u00f3teses protegendo o coto do surgimento de feridas. Evita o ressecamento da pele por falta de hidrata\u00e7\u00e3o.<\/p>\n<p>Grade: P, M, G, GG (pe\u00e7a)<\/p>\n<p class=\"_aupe copyable-text x15bjb6t x1n2onr6\"><span class=\"_aupe copyable-text xkrh14z\"><\/span><\/p>\n<p class=\"_aupe copyable-text x15bjb6t x1n2onr6\"><span class=\"_aupe copyable-text xkrh14z\"><span class=\"a_GcMg text-decoration-none text-strikethrough-none font-feature-liga-off font-feature-clig-off font-feature-calt-off\">Notifica\u00e7\u00e3o ANVISA:<\/span> N\u00ba 80879060032 e 80879060036<\/span><\/p>\n","protected":false},"featured_media":6472,"comment_status":"open","ping_status":"closed","template":"","meta":[],"product_brand":[],"product_cat":[70,75],"product_tag":[],"class_list":{"0":"post-6471","1":"product","2":"type-product","3":"status-publish","4":"has-post-thumbnail","6":"product_cat-gel","7":"product_cat-tornozelo","9":"first","10":"instock","11":"shipping-taxable","12":"product-type-simple"},"_links":{"self":[{"href":"http:\/\/tima.com.br\/tima\/wp-json\/wp\/v2\/product\/6471","targetHints":{"allow":["GET"]}}],"collection":[{"href":"http:\/\/tima.com.br\/tima\/wp-json\/wp\/v2\/product"}],"about":[{"href":"http:\/\/tima.com.br\/tima\/wp-json\/wp\/v2\/types\/product"}],"replies":[{"embeddable":true,"href":"http:\/\/tima.com.br\/tima\/wp-json\/wp\/v2\/comments?post=6471"}],"wp:featuredmedia":[{"embeddable":true,"href":"http:\/\/tima.com.br\/tima\/wp-json\/wp\/v2\/media\/6472"}],"wp:attachment":[{"href":"http:\/\/tima.com.br\/tima\/wp-json\/wp\/v2\/media?parent=6471"}],"wp:term":[{"taxonomy":"product_brand","embeddable":true,"href":"http:\/\/tima.com.br\/tima\/wp-json\/wp\/v2\/product_brand?post=6471"},{"taxonomy":"product_cat","embeddable":true,"href":"http:\/\/tima.com.br\/tima\/wp-json\/wp\/v2\/product_cat?post=6471"},{"taxonomy":"product_tag","embeddable":true,"href":"http:\/\/tima.com.br\/tima\/wp-json\/wp\/v2\/product_tag?post=6471"}],"curies":[{"name":"wp","href":"https:\/\/api.w.org\/{rel}","templated":true}]}}