{"id":6453,"date":"2022-01-28T19:52:04","date_gmt":"2022-01-28T22:52:04","guid":{"rendered":"http:\/\/tima.com.br\/tima\/?post_type=product&#038;p=6453"},"modified":"2026-05-04T18:41:07","modified_gmt":"2026-05-04T21:41:07","slug":"dedeiras-mini-soft","status":"publish","type":"product","link":"http:\/\/tima.com.br\/tima\/product\/dedeiras-mini-soft\/","title":{"rendered":"Dedeiras Mini Soft"},"content":{"rendered":"<p>Prote\u00e7\u00e3o para calos, calosidades, unhas encravadas, danificadas e outras afec\u00e7\u00f5es.<br \/>\n<span class=\"_aupe copyable-text xkrh14z\"><\/span><\/p>\n<p><span class=\"_aupe copyable-text xkrh14z\"><span class=\"a_GcMg font-feature-liga-off font-feature-clig-off font-feature-calt-off text-decoration-none text-strikethrough-none\">Notifica\u00e7\u00e3o ANVISA:<\/span> N\u00ba 80879060042<\/span><\/p>\n","protected":false},"excerpt":{"rendered":"<p>Indica\u00e7\u00e3o: Prote\u00e7\u00e3o para calos, calosidades, unhas encravadas, danificadas e outras afec\u00e7\u00f5es. Prote\u00e7\u00e3o e conforto para os dedos dos p\u00e9s. Recomendado para 2\u00ba \/ 3\u00ba \/ 4\u00ba \/ 5\u00ba artelho.<\/p>\n<p>Grade: PP; P. (jogo com 06 unidades)<\/p>\n<p><span class=\"_aupe copyable-text xkrh14z\"><\/span><\/p>\n<p><span class=\"_aupe copyable-text xkrh14z\"><span class=\"a_GcMg font-feature-liga-off font-feature-clig-off font-feature-calt-off text-decoration-none text-strikethrough-none\">Notifica\u00e7\u00e3o ANVISA:<\/span> N\u00ba 80879060042<\/span><\/p>\n","protected":false},"featured_media":6454,"comment_status":"open","ping_status":"closed","template":"","meta":[],"product_brand":[],"product_cat":[70,75],"product_tag":[],"class_list":{"0":"post-6453","1":"product","2":"type-product","3":"status-publish","4":"has-post-thumbnail","6":"product_cat-gel","7":"product_cat-tornozelo","9":"first","10":"instock","11":"shipping-taxable","12":"product-type-simple"},"_links":{"self":[{"href":"http:\/\/tima.com.br\/tima\/wp-json\/wp\/v2\/product\/6453","targetHints":{"allow":["GET"]}}],"collection":[{"href":"http:\/\/tima.com.br\/tima\/wp-json\/wp\/v2\/product"}],"about":[{"href":"http:\/\/tima.com.br\/tima\/wp-json\/wp\/v2\/types\/product"}],"replies":[{"embeddable":true,"href":"http:\/\/tima.com.br\/tima\/wp-json\/wp\/v2\/comments?post=6453"}],"wp:featuredmedia":[{"embeddable":true,"href":"http:\/\/tima.com.br\/tima\/wp-json\/wp\/v2\/media\/6454"}],"wp:attachment":[{"href":"http:\/\/tima.com.br\/tima\/wp-json\/wp\/v2\/media?parent=6453"}],"wp:term":[{"taxonomy":"product_brand","embeddable":true,"href":"http:\/\/tima.com.br\/tima\/wp-json\/wp\/v2\/product_brand?post=6453"},{"taxonomy":"product_cat","embeddable":true,"href":"http:\/\/tima.com.br\/tima\/wp-json\/wp\/v2\/product_cat?post=6453"},{"taxonomy":"product_tag","embeddable":true,"href":"http:\/\/tima.com.br\/tima\/wp-json\/wp\/v2\/product_tag?post=6453"}],"curies":[{"name":"wp","href":"https:\/\/api.w.org\/{rel}","templated":true}]}}