{"id":6249,"date":"2022-01-27T19:41:33","date_gmt":"2022-01-27T22:41:33","guid":{"rendered":"http:\/\/tima.com.br\/tima\/?post_type=product&#038;p=6249"},"modified":"2026-05-05T11:31:12","modified_gmt":"2026-05-05T14:31:12","slug":"calcanheira-montreal-c-orificio-p-esporao","status":"publish","type":"product","link":"http:\/\/tima.com.br\/tima\/product\/calcanheira-montreal-c-orificio-p-esporao\/","title":{"rendered":"Calcanheira Montreal (c\/ orif\u00edcio p\/ espor\u00e3o)"},"content":{"rendered":"<p>Indicado para absor\u00e7\u00e3o de impacto, espor\u00e3o de calc\u00e2neo e demais afec\u00e7\u00f5es. Sem abas, adapta-se facilmente em cal\u00e7ados sociais.<\/p>\n<p class=\"_aupe copyable-text x15bjb6t x1n2onr6\">\n<p class=\"_aupe copyable-text x15bjb6t x1n2onr6\"><span class=\"_aupe copyable-text xkrh14z\">Notifica\u00e7\u00e3o ANVISA:\u00a0N\u00ba 80879060037<\/span><\/p>\n","protected":false},"excerpt":{"rendered":"<p>Indica\u00e7\u00e3o: Para absor\u00e7\u00e3o de impacto, espor\u00e3o de calc\u00e2neo e demais afec\u00e7\u00f5es. Sem abas, adapta-se facilmente em cal\u00e7ados sociais.<\/p>\n<p>Grade: P (33 ao 35); M (36 ao 38); G (39 ao 40); GG (41 ao 46). (par)<\/p>\n<p class=\"_aupe copyable-text x15bjb6t x1n2onr6\">\n<p class=\"_aupe copyable-text x15bjb6t x1n2onr6\"><span class=\"_aupe copyable-text xkrh14z\">Notifica\u00e7\u00e3o ANVISA:\u00a0N\u00ba 80879060037<\/span><\/p>\n","protected":false},"featured_media":6250,"comment_status":"open","ping_status":"closed","template":"","meta":[],"product_brand":[],"product_cat":[72,75],"product_tag":[],"class_list":{"0":"post-6249","1":"product","2":"type-product","3":"status-publish","4":"has-post-thumbnail","6":"product_cat-silicone","7":"product_cat-tornozelo","9":"first","10":"instock","11":"shipping-taxable","12":"product-type-simple"},"_links":{"self":[{"href":"http:\/\/tima.com.br\/tima\/wp-json\/wp\/v2\/product\/6249","targetHints":{"allow":["GET"]}}],"collection":[{"href":"http:\/\/tima.com.br\/tima\/wp-json\/wp\/v2\/product"}],"about":[{"href":"http:\/\/tima.com.br\/tima\/wp-json\/wp\/v2\/types\/product"}],"replies":[{"embeddable":true,"href":"http:\/\/tima.com.br\/tima\/wp-json\/wp\/v2\/comments?post=6249"}],"wp:featuredmedia":[{"embeddable":true,"href":"http:\/\/tima.com.br\/tima\/wp-json\/wp\/v2\/media\/6250"}],"wp:attachment":[{"href":"http:\/\/tima.com.br\/tima\/wp-json\/wp\/v2\/media?parent=6249"}],"wp:term":[{"taxonomy":"product_brand","embeddable":true,"href":"http:\/\/tima.com.br\/tima\/wp-json\/wp\/v2\/product_brand?post=6249"},{"taxonomy":"product_cat","embeddable":true,"href":"http:\/\/tima.com.br\/tima\/wp-json\/wp\/v2\/product_cat?post=6249"},{"taxonomy":"product_tag","embeddable":true,"href":"http:\/\/tima.com.br\/tima\/wp-json\/wp\/v2\/product_tag?post=6249"}],"curies":[{"name":"wp","href":"https:\/\/api.w.org\/{rel}","templated":true}]}}