{"id":6121,"date":"2022-01-26T22:11:55","date_gmt":"2022-01-27T01:11:55","guid":{"rendered":"http:\/\/tima.com.br\/tima\/?post_type=product&#038;p=6121"},"modified":"2026-05-04T18:40:39","modified_gmt":"2026-05-04T21:40:39","slug":"cinta-sub-patelar","status":"publish","type":"product","link":"http:\/\/tima.com.br\/tima\/product\/cinta-sub-patelar\/","title":{"rendered":"Cinta Sub Patelar"},"content":{"rendered":"<p>O produto traz al\u00edvio no tend\u00e3o patelar, reduzindo o quadro de dor e evitando o surgimento de novas les\u00f5es durante a pr\u00e1tica esportiva. Pode ser usada durante a pr\u00e1tica de atividade f\u00edsica.<\/p>\n<p class=\"cvGsUA direction-ltr align-start para-style-body\"><span class=\"a_GcMg font-feature-liga-off font-feature-clig-off font-feature-calt-off text-decoration-none text-strikethrough-none\"><\/span><\/p>\n<p class=\"cvGsUA direction-ltr align-start para-style-body\"><span class=\"a_GcMg text-decoration-none text-strikethrough-none font-feature-liga-off font-feature-clig-off font-feature-calt-off\">Notifica\u00e7\u00e3o ANVISA: N\u00ba 80879060026<\/span><\/p>\n","protected":false},"excerpt":{"rendered":"<p>Indica\u00e7\u00e3o: Indicada para tratamentos de les\u00f5es que necessitam de apoio compressivo, tais como: tendinite patelar, inflama\u00e7\u00f5es e condromal\u00e1cia.<\/p>\n<p>O produto traz al\u00edvio no tend\u00e3o patelar, reduzindo o quadro de dor e evitando o surgimento de novas les\u00f5es durante a pr\u00e1tica esportiva. Pode ser usada durante a pr\u00e1tica de atividade f\u00edsica.<\/p>\n<p>Grade: \u00danico<\/p>\n<p class=\"cvGsUA direction-ltr align-start para-style-body\"><span class=\"a_GcMg font-feature-liga-off font-feature-clig-off font-feature-calt-off text-decoration-none text-strikethrough-none\"><\/span><\/p>\n<p class=\"cvGsUA direction-ltr align-start para-style-body\"><span class=\"a_GcMg text-decoration-none text-strikethrough-none font-feature-liga-off font-feature-clig-off font-feature-calt-off\">Notifica\u00e7\u00e3o ANVISA: N\u00ba 80879060026<\/span><\/p>\n","protected":false},"featured_media":6122,"comment_status":"open","ping_status":"closed","template":"","meta":[],"product_brand":[],"product_cat":[78,69],"product_tag":[],"class_list":{"0":"post-6121","1":"product","2":"type-product","3":"status-publish","4":"has-post-thumbnail","6":"product_cat-joelho","7":"product_cat-neoprene","9":"first","10":"instock","11":"shipping-taxable","12":"product-type-simple"},"_links":{"self":[{"href":"http:\/\/tima.com.br\/tima\/wp-json\/wp\/v2\/product\/6121","targetHints":{"allow":["GET"]}}],"collection":[{"href":"http:\/\/tima.com.br\/tima\/wp-json\/wp\/v2\/product"}],"about":[{"href":"http:\/\/tima.com.br\/tima\/wp-json\/wp\/v2\/types\/product"}],"replies":[{"embeddable":true,"href":"http:\/\/tima.com.br\/tima\/wp-json\/wp\/v2\/comments?post=6121"}],"wp:featuredmedia":[{"embeddable":true,"href":"http:\/\/tima.com.br\/tima\/wp-json\/wp\/v2\/media\/6122"}],"wp:attachment":[{"href":"http:\/\/tima.com.br\/tima\/wp-json\/wp\/v2\/media?parent=6121"}],"wp:term":[{"taxonomy":"product_brand","embeddable":true,"href":"http:\/\/tima.com.br\/tima\/wp-json\/wp\/v2\/product_brand?post=6121"},{"taxonomy":"product_cat","embeddable":true,"href":"http:\/\/tima.com.br\/tima\/wp-json\/wp\/v2\/product_cat?post=6121"},{"taxonomy":"product_tag","embeddable":true,"href":"http:\/\/tima.com.br\/tima\/wp-json\/wp\/v2\/product_tag?post=6121"}],"curies":[{"name":"wp","href":"https:\/\/api.w.org\/{rel}","templated":true}]}}