{"id":6109,"date":"2022-01-26T22:01:11","date_gmt":"2022-01-27T01:01:11","guid":{"rendered":"http:\/\/tima.com.br\/tima\/?post_type=product&#038;p=6109"},"modified":"2026-05-04T18:40:38","modified_gmt":"2026-05-04T21:40:38","slug":"joelheira-ajustavel-com-haste-de-aco-flexivel","status":"publish","type":"product","link":"http:\/\/tima.com.br\/tima\/product\/joelheira-ajustavel-com-haste-de-aco-flexivel\/","title":{"rendered":"Joelheira Ajust\u00e1vel com Haste de A\u00e7o Flex\u00edvel"},"content":{"rendered":"<p>Pode ser utilizada durante a pr\u00e1tica esportiva.<\/p>\n<p class=\"_aupe copyable-text x15bjb6t x1n2onr6\"><span class=\"_aupe copyable-text xkrh14z\"><\/span><\/p>\n<p class=\"_aupe copyable-text x15bjb6t x1n2onr6\"><span class=\"_aupe copyable-text xkrh14z\"><span class=\"a_GcMg font-feature-liga-off font-feature-clig-off font-feature-calt-off text-decoration-none text-strikethrough-none\">Notifica\u00e7\u00e3o ANVISA:<\/span> N\u00ba 80879060026<\/span><\/p>\n","protected":false},"excerpt":{"rendered":"<p>Indica\u00e7\u00e3o: Indicada para o tratamento e reabilita\u00e7\u00e3o de afec\u00e7\u00f5es que necessitam de imobiliza\u00e7\u00e3o parcial da regi\u00e3o do joelho, tais como: entorses, contus\u00f5es, instabilidade rotat\u00f3ria, artrose, artrite, hiperextens\u00f5es, pr\u00e9-operat\u00f3rio e p\u00f3s-operat\u00f3rio de les\u00f5es graves e demais afec\u00e7\u00f5es.<\/p>\n<p>Pode ser utilizada durante a pr\u00e1tica esportiva.<\/p>\n<p>Grade: \u00danico Ajust\u00e1vel.<\/p>\n<p class=\"_aupe copyable-text x15bjb6t x1n2onr6\"><span class=\"_aupe copyable-text xkrh14z\"><\/span><\/p>\n<p class=\"_aupe copyable-text x15bjb6t x1n2onr6\"><span class=\"_aupe copyable-text xkrh14z\"><span class=\"a_GcMg font-feature-liga-off font-feature-clig-off font-feature-calt-off text-decoration-none text-strikethrough-none\">Notifica\u00e7\u00e3o ANVISA:<\/span> N\u00ba 80879060026<\/span><\/p>\n","protected":false},"featured_media":6110,"comment_status":"open","ping_status":"closed","template":"","meta":[],"product_brand":[],"product_cat":[78,69],"product_tag":[],"class_list":{"0":"post-6109","1":"product","2":"type-product","3":"status-publish","4":"has-post-thumbnail","6":"product_cat-joelho","7":"product_cat-neoprene","9":"first","10":"instock","11":"shipping-taxable","12":"product-type-simple"},"_links":{"self":[{"href":"http:\/\/tima.com.br\/tima\/wp-json\/wp\/v2\/product\/6109","targetHints":{"allow":["GET"]}}],"collection":[{"href":"http:\/\/tima.com.br\/tima\/wp-json\/wp\/v2\/product"}],"about":[{"href":"http:\/\/tima.com.br\/tima\/wp-json\/wp\/v2\/types\/product"}],"replies":[{"embeddable":true,"href":"http:\/\/tima.com.br\/tima\/wp-json\/wp\/v2\/comments?post=6109"}],"wp:featuredmedia":[{"embeddable":true,"href":"http:\/\/tima.com.br\/tima\/wp-json\/wp\/v2\/media\/6110"}],"wp:attachment":[{"href":"http:\/\/tima.com.br\/tima\/wp-json\/wp\/v2\/media?parent=6109"}],"wp:term":[{"taxonomy":"product_brand","embeddable":true,"href":"http:\/\/tima.com.br\/tima\/wp-json\/wp\/v2\/product_brand?post=6109"},{"taxonomy":"product_cat","embeddable":true,"href":"http:\/\/tima.com.br\/tima\/wp-json\/wp\/v2\/product_cat?post=6109"},{"taxonomy":"product_tag","embeddable":true,"href":"http:\/\/tima.com.br\/tima\/wp-json\/wp\/v2\/product_tag?post=6109"}],"curies":[{"name":"wp","href":"https:\/\/api.w.org\/{rel}","templated":true}]}}